{"id":77,"date":"2024-06-19T07:05:53","date_gmt":"2024-06-19T07:05:53","guid":{"rendered":"https:\/\/rustran.ch\/?page_id=77"},"modified":"2024-06-19T08:57:38","modified_gmt":"2024-06-19T08:57:38","slug":"verstehen-und-verstanden-werden","status":"publish","type":"page","link":"https:\/\/rustran.ch\/","title":{"rendered":"Verstehen und verstanden werden"},"content":{"rendered":"\n<p>Seit 2006 sind wir Ihr kompetenter Ansprechpartner, wenn es um Sprache geht.<\/p>\n\n\n\n<ul class=\"wp-block-list\">\n<li>Ben\u00f6tigen Sie ein Dokument in einer anderen Sprache oder brauchen Sie einen Dolmetscher f\u00fcr einen bestimmten Termin?<\/li>\n\n\n\n<li>M\u00f6chten Sie Ihre Sprachfertigkeiten verbessern, etwas eingerostete Sprachkenntnisse wieder auffrischen, eine Sprache neu erlernen?<\/li>\n\n\n\n<li>Brauchen Sie Hilfe bei der Formulierung eines Textes, eine z\u00fcndende Idee f\u00fcr Ihre Werbung oder m\u00f6chten Sie Ihre Diplomarbeit korrigieren lassen?<\/li>\n<\/ul>\n\n\n\n<p>Als erfahrene Wortschatz-Sucher, Silben-Jongleure und Buchstaben-Dompteure \u00fcbersetzen wir genau und pr\u00e4zis, wo es n\u00f6tig ist, formulieren kreativ und treffend, wo es gew\u00fcnscht ist, und vermitteln einf\u00fchlsam und motivierend, wo man uns zuh\u00f6rt.<\/p>\n\n\n\n<p><strong>RusTran \u00dcbersetzungen &#8211; nehmen Sie uns beim Wort!<\/strong><\/p>\n","protected":false},"excerpt":{"rendered":"<p>Seit 2006 sind wir Ihr kompetenter Ansprechpartner, wenn es um Sprache geht. Als erfahrene Wortschatz-Sucher, Silben-Jongleure und Buchstaben-Dompteure \u00fcbersetzen wir genau und pr\u00e4zis, wo es &hellip;<\/p>\n","protected":false},"author":1,"featured_media":0,"parent":0,"menu_order":1,"comment_status":"closed","ping_status":"closed","template":"","meta":{"footnotes":""},"class_list":["post-77","page","type-page","status-publish","hentry"],"_links":{"self":[{"href":"https:\/\/rustran.ch\/index.php?rest_route=\/wp\/v2\/pages\/77","targetHints":{"allow":["GET"]}}],"collection":[{"href":"https:\/\/rustran.ch\/index.php?rest_route=\/wp\/v2\/pages"}],"about":[{"href":"https:\/\/rustran.ch\/index.php?rest_route=\/wp\/v2\/types\/page"}],"author":[{"embeddable":true,"href":"https:\/\/rustran.ch\/index.php?rest_route=\/wp\/v2\/users\/1"}],"replies":[{"embeddable":true,"href":"https:\/\/rustran.ch\/index.php?rest_route=%2Fwp%2Fv2%2Fcomments&post=77"}],"version-history":[{"count":2,"href":"https:\/\/rustran.ch\/index.php?rest_route=\/wp\/v2\/pages\/77\/revisions"}],"predecessor-version":[{"id":87,"href":"https:\/\/rustran.ch\/index.php?rest_route=\/wp\/v2\/pages\/77\/revisions\/87"}],"wp:attachment":[{"href":"https:\/\/rustran.ch\/index.php?rest_route=%2Fwp%2Fv2%2Fmedia&parent=77"}],"curies":[{"name":"wp","href":"https:\/\/api.w.org\/{rel}","templated":true}]}}