{"id":37,"date":"2024-02-04T07:41:17","date_gmt":"2024-02-04T07:41:17","guid":{"rendered":"https:\/\/rustran.ch\/?page_id=37"},"modified":"2024-06-19T09:02:48","modified_gmt":"2024-06-19T09:02:48","slug":"preise","status":"publish","type":"page","link":"https:\/\/rustran.ch\/?page_id=37","title":{"rendered":"Tarife"},"content":{"rendered":"\n<p>Die \u00dcbersetzungsarbeiten werden pro Zeile (1&nbsp;Zeile = 55 Zeichen inkl. Leerschl\u00e4ge)&nbsp;in der Zielsprache abgerechnet. Je nach Schwierigkeitsgrad des Textes kostet eine Zeile zwischen Fr. 3.- und Fr. 6.-. Der Minimalpreis pro Dokument liegt bei Fr. 100.-. Gerne machen wir f\u00fcr Ihr(e) Dokument(e) eine kostenlose Offerte.<\/p>\n\n\n\n<p><strong>Amtliche Beglaubigungen und Apostillen<\/strong><\/p>\n\n\n\n<p>Unsere \u00dcbersetzungen k\u00f6nnen wir mit amtlichen Beglaubigungen und Apostillen versehen lassen. Hierf\u00fcr gelten die folgenden Tarife:<\/p>\n\n\n\n<figure class=\"wp-block-table\"><table><tbody><tr><td>Amtliche Beglaubigung<\/td><td>Fr. 25.-<\/td><\/tr><tr><td>Apostille (\u00dcberbeglaubigung der Amtlichen Beglaubigung)<\/td><td>Fr. 40.-<\/td><\/tr><\/tbody><\/table><\/figure>\n\n\n\n<p>Muss die zu \u00fcbersetzende Urkunde oder eine Kopie davon mit einer Apostille versehen werden, so erledigen wir dies gerne f\u00fcr Sie. Da die Apostille jeweils bei den kantonalen Beh\u00f6rden des Kantons, in welchem die Beurkundung erfolgt ist, zu beantragen ist, k\u00f6nnen die Preise f\u00fcr diese Dienstleistung variieren.<\/p>\n\n\n\n<p><strong>Eilauftr\u00e4ge<\/strong><\/p>\n\n\n\n<p>F\u00fcr Eilauftr\u00e4ge (innerhalb maximal 2 Arbeitstage) verrechnen wir Ihnen zus\u00e4zlich Fr. 150.-<\/p>\n","protected":false},"excerpt":{"rendered":"<p>Die \u00dcbersetzungsarbeiten werden pro Zeile (1&nbsp;Zeile = 55 Zeichen inkl. Leerschl\u00e4ge)&nbsp;in der Zielsprache abgerechnet. Je nach Schwierigkeitsgrad des Textes kostet eine Zeile zwischen Fr. 3.- &hellip;<\/p>\n","protected":false},"author":1,"featured_media":40,"parent":77,"menu_order":2,"comment_status":"closed","ping_status":"closed","template":"","meta":{"footnotes":""},"class_list":["post-37","page","type-page","status-publish","has-post-thumbnail","hentry"],"_links":{"self":[{"href":"https:\/\/rustran.ch\/index.php?rest_route=\/wp\/v2\/pages\/37","targetHints":{"allow":["GET"]}}],"collection":[{"href":"https:\/\/rustran.ch\/index.php?rest_route=\/wp\/v2\/pages"}],"about":[{"href":"https:\/\/rustran.ch\/index.php?rest_route=\/wp\/v2\/types\/page"}],"author":[{"embeddable":true,"href":"https:\/\/rustran.ch\/index.php?rest_route=\/wp\/v2\/users\/1"}],"replies":[{"embeddable":true,"href":"https:\/\/rustran.ch\/index.php?rest_route=%2Fwp%2Fv2%2Fcomments&post=37"}],"version-history":[{"count":3,"href":"https:\/\/rustran.ch\/index.php?rest_route=\/wp\/v2\/pages\/37\/revisions"}],"predecessor-version":[{"id":56,"href":"https:\/\/rustran.ch\/index.php?rest_route=\/wp\/v2\/pages\/37\/revisions\/56"}],"up":[{"embeddable":true,"href":"https:\/\/rustran.ch\/index.php?rest_route=\/wp\/v2\/pages\/77"}],"wp:featuredmedia":[{"embeddable":true,"href":"https:\/\/rustran.ch\/index.php?rest_route=\/wp\/v2\/media\/40"}],"wp:attachment":[{"href":"https:\/\/rustran.ch\/index.php?rest_route=%2Fwp%2Fv2%2Fmedia&parent=37"}],"curies":[{"name":"wp","href":"https:\/\/api.w.org\/{rel}","templated":true}]}}